[INFO] cloning repository https://github.com/lidavidm/tinyrenderer-rs
[INFO] running `Command { std: "git" "-c" "credential.helper=" "-c" "credential.helper=/workspace/cargo-home/bin/git-credential-null" "clone" "--bare" "https://github.com/lidavidm/tinyrenderer-rs" "/workspace/cache/git-repos/https%3A%2F%2Fgithub.com%2Flidavidm%2Ftinyrenderer-rs", kill_on_drop: false }`
[INFO] [stderr] Cloning into bare repository '/workspace/cache/git-repos/https%3A%2F%2Fgithub.com%2Flidavidm%2Ftinyrenderer-rs'...
[INFO] running `Command { std: "git" "rev-parse" "HEAD", kill_on_drop: false }`
[INFO] [stdout] 6dea4af24a8284cbe0cbd9fdb2d392284db27dd6
[INFO] checking lidavidm/tinyrenderer-rs against try#72f88fc4e9458f89516a0b8b0868f3718aec5b47 for pr-74989
[INFO] running `Command { std: "git" "clone" "/workspace/cache/git-repos/https%3A%2F%2Fgithub.com%2Flidavidm%2Ftinyrenderer-rs" "/workspace/builds/worker-4/source", kill_on_drop: false }`
[INFO] [stderr] Cloning into '/workspace/builds/worker-4/source'...
[INFO] [stderr] done.
[INFO] validating manifest of git repo https://github.com/lidavidm/tinyrenderer-rs on toolchain 72f88fc4e9458f89516a0b8b0868f3718aec5b47
[INFO] running `Command { std: "/workspace/cargo-home/bin/cargo" "+72f88fc4e9458f89516a0b8b0868f3718aec5b47" "read-manifest" "--manifest-path" "Cargo.toml", kill_on_drop: false }`
[INFO] started tweaking git repo https://github.com/lidavidm/tinyrenderer-rs
[INFO] finished tweaking git repo https://github.com/lidavidm/tinyrenderer-rs
[INFO] tweaked toml for git repo https://github.com/lidavidm/tinyrenderer-rs written to /workspace/builds/worker-4/source/Cargo.toml
[INFO] crate git repo https://github.com/lidavidm/tinyrenderer-rs already has a lockfile, it will not be regenerated
[INFO] running `Command { std: "/workspace/cargo-home/bin/cargo" "+72f88fc4e9458f89516a0b8b0868f3718aec5b47" "fetch" "--locked" "--manifest-path" "Cargo.toml", kill_on_drop: false }`
[INFO] [stderr]     Blocking waiting for file lock on package cache
[INFO] [stderr] error: the lock file /workspace/builds/worker-4/source/Cargo.lock needs to be updated but --locked was passed to prevent this
[INFO] [stderr] If you want to try to generate the lock file without accessing the network, use the --offline flag.
[INFO] the lockfile is outdated, regenerating it
[INFO] running `Command { std: "/workspace/cargo-home/bin/cargo" "+72f88fc4e9458f89516a0b8b0868f3718aec5b47" "generate-lockfile" "--manifest-path" "Cargo.toml" "-Zno-index-update", kill_on_drop: false }`
[INFO] running `Command { std: "/workspace/cargo-home/bin/cargo" "+72f88fc4e9458f89516a0b8b0868f3718aec5b47" "fetch" "--locked" "--manifest-path" "Cargo.toml", kill_on_drop: false }`
[INFO] running `Command { std: "docker" "create" "-v" "/var/lib/crater-agent-workspace/builds/worker-4/target:/opt/rustwide/target:rw,Z" "-v" "/var/lib/crater-agent-workspace/builds/worker-4/source:/opt/rustwide/workdir:ro,Z" "-v" "/var/lib/crater-agent-workspace/cargo-home:/opt/rustwide/cargo-home:ro,Z" "-v" "/var/lib/crater-agent-workspace/rustup-home:/opt/rustwide/rustup-home:ro,Z" "-e" "SOURCE_DIR=/opt/rustwide/workdir" "-e" "CARGO_TARGET_DIR=/opt/rustwide/target" "-e" "CARGO_HOME=/opt/rustwide/cargo-home" "-e" "RUSTUP_HOME=/opt/rustwide/rustup-home" "-w" "/opt/rustwide/workdir" "-m" "1610612736" "--user" "0:0" "--network" "none" "rustops/crates-build-env@sha256:d92eaeed33fa75130ca1ee6c8a01d1ffb62bac859dfdfb3450e3e5d1c0146529" "/opt/rustwide/cargo-home/bin/cargo" "+72f88fc4e9458f89516a0b8b0868f3718aec5b47" "metadata" "--no-deps" "--format-version=1", kill_on_drop: false }`
[INFO] [stdout] 55cd231990f400e9b0262ddd19da77f2fbae3a423941b2e19dbb7c9c4bdab407
[INFO] [stderr] WARNING: Your kernel does not support swap limit capabilities or the cgroup is not mounted. Memory limited without swap.
[INFO] running `Command { std: "docker" "start" "-a" "55cd231990f400e9b0262ddd19da77f2fbae3a423941b2e19dbb7c9c4bdab407", kill_on_drop: false }`
[INFO] running `Command { std: "docker" "inspect" "55cd231990f400e9b0262ddd19da77f2fbae3a423941b2e19dbb7c9c4bdab407", kill_on_drop: false }`
[INFO] running `Command { std: "docker" "rm" "-f" "55cd231990f400e9b0262ddd19da77f2fbae3a423941b2e19dbb7c9c4bdab407", kill_on_drop: false }`
[INFO] [stdout] 55cd231990f400e9b0262ddd19da77f2fbae3a423941b2e19dbb7c9c4bdab407
[INFO] running `Command { std: "docker" "create" "-v" "/var/lib/crater-agent-workspace/builds/worker-4/target:/opt/rustwide/target:rw,Z" "-v" "/var/lib/crater-agent-workspace/builds/worker-4/source:/opt/rustwide/workdir:ro,Z" "-v" "/var/lib/crater-agent-workspace/cargo-home:/opt/rustwide/cargo-home:ro,Z" "-v" "/var/lib/crater-agent-workspace/rustup-home:/opt/rustwide/rustup-home:ro,Z" "-e" "SOURCE_DIR=/opt/rustwide/workdir" "-e" "CARGO_TARGET_DIR=/opt/rustwide/target" "-e" "CARGO_INCREMENTAL=0" "-e" "RUST_BACKTRACE=full" "-e" "RUSTFLAGS=--cap-lints=forbid" "-e" "CARGO_HOME=/opt/rustwide/cargo-home" "-e" "RUSTUP_HOME=/opt/rustwide/rustup-home" "-w" "/opt/rustwide/workdir" "-m" "1610612736" "--user" "0:0" "--network" "none" "rustops/crates-build-env@sha256:d92eaeed33fa75130ca1ee6c8a01d1ffb62bac859dfdfb3450e3e5d1c0146529" "/opt/rustwide/cargo-home/bin/cargo" "+72f88fc4e9458f89516a0b8b0868f3718aec5b47" "check" "--frozen" "--all" "--all-targets" "--message-format=json", kill_on_drop: false }`
[INFO] [stdout] de2c80ce58101e2094fe2289021f60a792217861794a861f0097663a936d6da2
[INFO] [stderr] WARNING: Your kernel does not support swap limit capabilities or the cgroup is not mounted. Memory limited without swap.
[INFO] running `Command { std: "docker" "start" "-a" "de2c80ce58101e2094fe2289021f60a792217861794a861f0097663a936d6da2", kill_on_drop: false }`
[INFO] [stderr]    Compiling autocfg v1.0.1
[INFO] [stderr]    Compiling libc v0.2.77
[INFO] [stderr]     Checking cfg-if v0.1.10
[INFO] [stderr]     Checking lazy_static v1.4.0
[INFO] [stderr]    Compiling getrandom v0.1.15
[INFO] [stderr]    Compiling winapi-build v0.1.1
[INFO] [stderr]    Compiling rayon-core v1.8.0
[INFO] [stderr]     Checking rustc-serialize v0.3.24
[INFO] [stderr]     Checking winapi v0.2.8
[INFO] [stderr]     Checking ppv-lite86 v0.2.9
[INFO] [stderr]     Checking either v1.6.0
[INFO] [stderr]     Checking inflate v0.1.1
[INFO] [stderr]     Checking lzw v0.9.0
[INFO] [stderr]     Checking bitflags v0.3.3
[INFO] [stderr]     Checking byteorder v0.4.2
[INFO] [stderr]     Checking glob v0.2.11
[INFO] [stderr]     Checking regex-syntax v0.3.9
[INFO] [stderr]     Checking utf8-ranges v0.1.3
[INFO] [stderr]    Compiling miniz-sys v0.1.12
[INFO] [stderr]    Compiling paste-impl v0.1.18
[INFO] [stderr]     Checking generic-array v0.13.2
[INFO] [stderr]    Compiling kernel32-sys v0.2.2
[INFO] [stderr]     Checking gif v0.7.0
[INFO] [stderr]    Compiling num-traits v0.2.12
[INFO] [stderr]    Compiling num-integer v0.1.43
[INFO] [stderr]    Compiling crossbeam-utils v0.7.2
[INFO] [stderr]    Compiling memoffset v0.5.5
[INFO] [stderr]    Compiling crossbeam-epoch v0.8.2
[INFO] [stderr]    Compiling num-iter v0.1.41
[INFO] [stderr]    Compiling rayon v1.4.0
[INFO] [stderr]    Compiling num-complex v0.2.4
[INFO] [stderr]    Compiling num-rational v0.2.4
[INFO] [stderr]     Checking paste v0.1.18
[INFO] [stderr]     Checking rand v0.4.6
[INFO] [stderr]     Checking num_cpus v1.13.0
[INFO] [stderr]     Checking thread-id v2.0.0
[INFO] [stderr]     Checking memchr v0.1.11
[INFO] [stderr]     Checking crossbeam-channel v0.4.4
[INFO] [stderr]     Checking thread_local v0.2.7
[INFO] [stderr]     Checking aho-corasick v0.5.3
[INFO] [stderr]     Checking flate2 v0.2.20
[INFO] [stderr]     Checking rand_core v0.5.1
[INFO] [stderr]     Checking num-traits v0.1.43
[INFO] [stderr]     Checking approx v0.3.2
[INFO] [stderr]     Checking enum_primitive v0.1.1
[INFO] [stderr]     Checking rand_chacha v0.2.2
[INFO] [stderr]     Checking crossbeam-deque v0.7.3
[INFO] [stderr]     Checking regex v0.1.80
[INFO] [stderr]     Checking rand v0.3.23
[INFO] [stderr]     Checking rand v0.7.3
[INFO] [stderr]     Checking png v0.4.3
[INFO] [stderr]     Checking simba v0.2.0
[INFO] [stderr]     Checking num-bigint v0.1.44
[INFO] [stderr]     Checking num-complex v0.1.43
[INFO] [stderr]     Checking rand_distr v0.2.2
[INFO] [stderr]     Checking num-rational v0.1.42
[INFO] [stderr]     Checking num v0.1.42
[INFO] [stderr]     Checking nalgebra v0.22.0
[INFO] [stderr]     Checking jpeg-decoder v0.1.20
[INFO] [stderr]     Checking image v0.7.2
[INFO] [stderr]     Checking tinyrenderer-rs v0.1.0 (/opt/rustwide/workdir)
[INFO] [stdout] error[E0432]: unresolved import `nalgebra::Vec3`
[INFO] [stdout]  --> src/model.rs:1:5
[INFO] [stdout]   |
[INFO] [stdout] 1 | use nalgebra::Vec3;
[INFO] [stdout]   |     ^^^^^^^^^^^^^^ no `Vec3` in the root
[INFO] [stdout] 
[INFO] [stdout] 
[INFO] [stdout] error[E0432]: unresolved imports `nalgebra::cross`, `nalgebra::Pnt2`, `nalgebra::Pnt3`, `nalgebra::Vec3`
[INFO] [stdout]   --> src/main.rs:12:16
[INFO] [stdout]    |
[INFO] [stdout] 12 | use nalgebra::{cross, Pnt2, Pnt3, Vec3};
[INFO] [stdout]    |                ^^^^^  ^^^^  ^^^^  ^^^^ no `Vec3` in the root
[INFO] [stdout]    |                |      |     |
[INFO] [stdout]    |                |      |     no `Pnt3` in the root
[INFO] [stdout]    |                |      no `Pnt2` in the root
[INFO] [stdout]    |                no `cross` in the root
[INFO] [stdout] 
[INFO] [stdout] 
[INFO] [stdout] error[E0432]: unresolved import `nalgebra::Vec3`
[INFO] [stdout]  --> src/model.rs:1:5
[INFO] [stdout]   |
[INFO] [stdout] 1 | use nalgebra::Vec3;
[INFO] [stdout]   |     ^^^^^^^^^^^^^^ no `Vec3` in the root
[INFO] [stdout] 
[INFO] [stdout] 
[INFO] [stdout] error[E0432]: unresolved imports `nalgebra::cross`, `nalgebra::Pnt2`, `nalgebra::Pnt3`, `nalgebra::Vec3`
[INFO] [stdout]   --> src/main.rs:12:16
[INFO] [stdout]    |
[INFO] [stdout] 12 | use nalgebra::{cross, Pnt2, Pnt3, Vec3};
[INFO] [stdout]    |                ^^^^^  ^^^^  ^^^^  ^^^^ no `Vec3` in the root
[INFO] [stdout]    |                |      |     |
[INFO] [stdout]    |                |      |     no `Pnt3` in the root
[INFO] [stdout]    |                |      no `Pnt2` in the root
[INFO] [stdout]    |                no `cross` in the root
[INFO] [stdout] 
[INFO] [stdout] 
[INFO] [stdout] error: aborting due to 2 previous errors
[INFO] [stdout] 
[INFO] [stdout] 
[INFO] [stdout] For more information about this error, try `rustc --explain E0432`.
[INFO] [stdout] 
[INFO] [stdout] error: aborting due to 2 previous errors
[INFO] [stdout] 
[INFO] [stdout] 
[INFO] [stdout] For more information about this error, try `rustc --explain E0432`.
[INFO] [stdout] 
[INFO] [stderr] error: could not compile `tinyrenderer-rs`.
[INFO] [stderr] 
[INFO] [stderr] To learn more, run the command again with --verbose.
[INFO] [stderr] warning: build failed, waiting for other jobs to finish...
[INFO] [stderr] error: build failed
[INFO] running `Command { std: "docker" "inspect" "de2c80ce58101e2094fe2289021f60a792217861794a861f0097663a936d6da2", kill_on_drop: false }`
[INFO] running `Command { std: "docker" "rm" "-f" "de2c80ce58101e2094fe2289021f60a792217861794a861f0097663a936d6da2", kill_on_drop: false }`
[INFO] [stdout] de2c80ce58101e2094fe2289021f60a792217861794a861f0097663a936d6da2
